{"id":8,"date":"2022-03-14T14:56:43","date_gmt":"2022-03-14T14:56:43","guid":{"rendered":"https:\/\/www.rostrip.tur.ar\/egresados-primarios-villa-carlos-paz\/?page_id=8"},"modified":"2026-04-29T12:29:41","modified_gmt":"2026-04-29T12:29:41","slug":"8-3","status":"publish","type":"page","link":"https:\/\/www.rostrip.tur.ar\/egresados-primarios-villa-carlos-paz\/","title":{"rendered":""},"content":{"rendered":"<p>[et_pb_section fb_built=\u00bb1&#8243; fullwidth=\u00bbon\u00bb disabled_on=\u00bbon|on|off\u00bb admin_label=\u00bb16&#8243; _builder_version=\u00bb4.17.4&#8243; _module_preset=\u00bbdefault\u00bb global_colors_info=\u00bb{}\u00bb][et_pb_fullwidth_image src=\u00bbhttps:\/\/www.rostrip.tur.ar\/egresados-primarios-villa-carlos-paz\/wp-content\/uploads\/2026\/04\/Rostrip.png\u00bb title_text=\u00bbRostrip\u00bb _builder_version=\u00bb4.17.4&#8243; _module_preset=\u00bbdefault\u00bb hover_enabled=\u00bb0&#8243; global_colors_info=\u00bb{}\u00bb min_height=\u00bb100px\u00bb sticky_enabled=\u00bb0&#8243; custom_margin=\u00bb||||false|false\u00bb custom_padding=\u00bb0px||||false|false\u00bb disabled_on=\u00bbon|on|off\u00bb admin_label=\u00bbImagen de anchura completa\u00bb][\/et_pb_fullwidth_image][\/et_pb_section][et_pb_section fb_built=\u00bb1&#8243; theme_builder_area=\u00bbpost_content\u00bb _builder_version=\u00bb4.17.4&#8243; _module_preset=\u00bbdefault\u00bb custom_margin=\u00bb0px|0px|0px|0px|false|false\u00bb custom_padding=\u00bb0px|0px|0px|0px|false|false\u00bb hover_enabled=\u00bb0&#8243; sticky_enabled=\u00bb0&#8243; background_color=\u00bb#ff0000&#8243; disabled_on=\u00bboff|off|on\u00bb max_height=\u00bb1000px\u00bb admin_label=\u00bbSecci\u00f3n\u00bb][et_pb_row _builder_version=\u00bb4.17.4&#8243; _module_preset=\u00bbdefault\u00bb theme_builder_area=\u00bbpost_content\u00bb hover_enabled=\u00bb0&#8243; sticky_enabled=\u00bb0&#8243; min_height=\u00bb572.9px\u00bb custom_padding=\u00bb170px||219px|||\u00bb][et_pb_column _builder_version=\u00bb4.17.4&#8243; _module_preset=\u00bbdefault\u00bb type=\u00bb4_4&#8243; theme_builder_area=\u00bbpost_content\u00bb][et_pb_image src=\u00bbhttps:\/\/www.rostrip.tur.ar\/egresados-primarios-villa-carlos-paz\/wp-content\/uploads\/2026\/04\/Movil.png\u00bb _builder_version=\u00bb4.17.4&#8243; _module_preset=\u00bbdefault\u00bb theme_builder_area=\u00bbpost_content\u00bb title_text=\u00bbMovil\u00bb width=\u00bb100%\u00bb custom_margin=\u00bb0px|0px|0px|0px|true|true\u00bb custom_padding=\u00bb0px|0px|0px|0px|true|true\u00bb hover_enabled=\u00bb0&#8243; sticky_enabled=\u00bb0&#8243;][\/et_pb_image][\/et_pb_column][\/et_pb_row][\/et_pb_section]<\/p>\n","protected":false},"excerpt":{"rendered":"","protected":false},"author":1,"featured_media":529,"parent":0,"menu_order":0,"comment_status":"closed","ping_status":"closed","template":"","meta":{"_et_pb_use_builder":"on","_et_pb_old_content":"","_et_gb_content_width":"","_joinchat":{"telephone":"+5493415782738"},"footnotes":""},"class_list":["post-8","page","type-page","status-publish","has-post-thumbnail","hentry"],"yoast_head":"<!-- This site is optimized with the Yoast SEO plugin v27.6 - https:\/\/yoast.com\/product\/yoast-seo-wordpress\/ -->\n<title>\u00a1El mejor viaje de Egresados Primarios Villa Carlos Paz!.<\/title>\n<meta name=\"description\" content=\"Itinerario din\u00e1mico a elecci\u00f3n del grupo, con las mejores excursiones, que contemplan y priorizan la seguridad y diversi\u00f3n.\" \/>\n<meta name=\"robots\" content=\"index, follow, max-snippet:-1, max-image-preview:large, max-video-preview:-1\" \/>\n<link rel=\"canonical\" href=\"https:\/\/www.rostrip.tur.ar\/egresados-primarios-villa-carlos-paz\/\" \/>\n<meta property=\"og:locale\" content=\"es_ES\" \/>\n<meta property=\"og:type\" content=\"article\" \/>\n<meta property=\"og:title\" content=\"\u00a1El mejor viaje de Egresados Primarios Villa Carlos Paz!.\" \/>\n<meta property=\"og:description\" content=\"Itinerario din\u00e1mico a elecci\u00f3n del grupo, con las mejores excursiones, que contemplan y priorizan la seguridad y diversi\u00f3n.\" \/>\n<meta property=\"og:url\" content=\"https:\/\/www.rostrip.tur.ar\/egresados-primarios-villa-carlos-paz\/\" \/>\n<meta property=\"og:site_name\" content=\"\u00a1El mejor viaje de Egresados Primarios Villa Carlos Paz!.\" \/>\n<meta property=\"article:publisher\" content=\"https:\/\/www.facebook.com\/rostripcompaniadeturismo\" \/>\n<meta property=\"article:modified_time\" content=\"2026-04-29T12:29:41+00:00\" \/>\n<meta property=\"og:image\" content=\"https:\/\/www.rostrip.tur.ar\/egresados-primarios-villa-carlos-paz\/wp-content\/uploads\/2022\/05\/DSC_1013-scaled.jpg\" \/>\n\t<meta property=\"og:image:width\" content=\"2560\" \/>\n\t<meta property=\"og:image:height\" content=\"1709\" \/>\n\t<meta property=\"og:image:type\" content=\"image\/jpeg\" \/>\n<meta name=\"twitter:card\" content=\"summary_large_image\" \/>\n<meta name=\"twitter:label1\" content=\"Tiempo de lectura\" \/>\n\t<meta name=\"twitter:data1\" content=\"4 minutos\" \/>\n<script type=\"application\/ld+json\" class=\"yoast-schema-graph\">{\"@context\":\"https:\\\/\\\/schema.org\",\"@graph\":[{\"@type\":\"WebPage\",\"@id\":\"https:\\\/\\\/www.rostrip.tur.ar\\\/egresados-primarios-villa-carlos-paz\\\/\",\"url\":\"https:\\\/\\\/www.rostrip.tur.ar\\\/egresados-primarios-villa-carlos-paz\\\/\",\"name\":\"\u00a1El mejor viaje de Egresados Primarios Villa Carlos Paz!.\",\"isPartOf\":{\"@id\":\"https:\\\/\\\/www.rostrip.tur.ar\\\/egresados-primarios-villa-carlos-paz\\\/#website\"},\"primaryImageOfPage\":{\"@id\":\"https:\\\/\\\/www.rostrip.tur.ar\\\/egresados-primarios-villa-carlos-paz\\\/#primaryimage\"},\"image\":{\"@id\":\"https:\\\/\\\/www.rostrip.tur.ar\\\/egresados-primarios-villa-carlos-paz\\\/#primaryimage\"},\"thumbnailUrl\":\"https:\\\/\\\/www.rostrip.tur.ar\\\/egresados-primarios-villa-carlos-paz\\\/wp-content\\\/uploads\\\/2022\\\/05\\\/DSC_1013-scaled.jpg\",\"datePublished\":\"2022-03-14T14:56:43+00:00\",\"dateModified\":\"2026-04-29T12:29:41+00:00\",\"description\":\"Itinerario din\u00e1mico a elecci\u00f3n del grupo, con las mejores excursiones, que contemplan y priorizan la seguridad y diversi\u00f3n.\",\"inLanguage\":\"es\",\"potentialAction\":[{\"@type\":\"ReadAction\",\"target\":[\"https:\\\/\\\/www.rostrip.tur.ar\\\/egresados-primarios-villa-carlos-paz\\\/\"]}]},{\"@type\":\"ImageObject\",\"inLanguage\":\"es\",\"@id\":\"https:\\\/\\\/www.rostrip.tur.ar\\\/egresados-primarios-villa-carlos-paz\\\/#primaryimage\",\"url\":\"https:\\\/\\\/www.rostrip.tur.ar\\\/egresados-primarios-villa-carlos-paz\\\/wp-content\\\/uploads\\\/2022\\\/05\\\/DSC_1013-scaled.jpg\",\"contentUrl\":\"https:\\\/\\\/www.rostrip.tur.ar\\\/egresados-primarios-villa-carlos-paz\\\/wp-content\\\/uploads\\\/2022\\\/05\\\/DSC_1013-scaled.jpg\",\"width\":2560,\"height\":1709,\"caption\":\"Egresados Villa Carlos Paz Rostrip\"},{\"@type\":\"WebSite\",\"@id\":\"https:\\\/\\\/www.rostrip.tur.ar\\\/egresados-primarios-villa-carlos-paz\\\/#website\",\"url\":\"https:\\\/\\\/www.rostrip.tur.ar\\\/egresados-primarios-villa-carlos-paz\\\/\",\"name\":\"\u00a1El mejor viaje de Egresados Primarios Villa Carlos Paz!.\",\"description\":\"Itinerario din\u00e1mico a elecci\u00f3n del grupo, con las mejores excursiones, que contemplan y priorizan la seguridad y diversi\u00f3n.\",\"publisher\":{\"@id\":\"https:\\\/\\\/www.rostrip.tur.ar\\\/egresados-primarios-villa-carlos-paz\\\/#organization\"},\"potentialAction\":[{\"@type\":\"SearchAction\",\"target\":{\"@type\":\"EntryPoint\",\"urlTemplate\":\"https:\\\/\\\/www.rostrip.tur.ar\\\/egresados-primarios-villa-carlos-paz\\\/?s={search_term_string}\"},\"query-input\":{\"@type\":\"PropertyValueSpecification\",\"valueRequired\":true,\"valueName\":\"search_term_string\"}}],\"inLanguage\":\"es\"},{\"@type\":\"Organization\",\"@id\":\"https:\\\/\\\/www.rostrip.tur.ar\\\/egresados-primarios-villa-carlos-paz\\\/#organization\",\"name\":\"Rostrip\",\"url\":\"https:\\\/\\\/www.rostrip.tur.ar\\\/egresados-primarios-villa-carlos-paz\\\/\",\"logo\":{\"@type\":\"ImageObject\",\"inLanguage\":\"es\",\"@id\":\"https:\\\/\\\/www.rostrip.tur.ar\\\/egresados-primarios-villa-carlos-paz\\\/#\\\/schema\\\/logo\\\/image\\\/\",\"url\":\"https:\\\/\\\/www.rostrip.tur.ar\\\/egresados-primarios-villa-carlos-paz\\\/wp-content\\\/uploads\\\/2022\\\/05\\\/NuevoLogo_Header_v3.png\",\"contentUrl\":\"https:\\\/\\\/www.rostrip.tur.ar\\\/egresados-primarios-villa-carlos-paz\\\/wp-content\\\/uploads\\\/2022\\\/05\\\/NuevoLogo_Header_v3.png\",\"width\":250,\"height\":54,\"caption\":\"Rostrip\"},\"image\":{\"@id\":\"https:\\\/\\\/www.rostrip.tur.ar\\\/egresados-primarios-villa-carlos-paz\\\/#\\\/schema\\\/logo\\\/image\\\/\"},\"sameAs\":[\"https:\\\/\\\/www.facebook.com\\\/rostripcompaniadeturismo\",\"https:\\\/\\\/www.instagram.com\\\/rostrip\\\/\",\"https:\\\/\\\/www.youtube.com\\\/c\\\/RostripRosario\\\/videos\"]}]}<\/script>\n<!-- \/ Yoast SEO plugin. -->","yoast_head_json":{"title":"\u00a1El mejor viaje de Egresados Primarios Villa Carlos Paz!.","description":"Itinerario din\u00e1mico a elecci\u00f3n del grupo, con las mejores excursiones, que contemplan y priorizan la seguridad y diversi\u00f3n.","robots":{"index":"index","follow":"follow","max-snippet":"max-snippet:-1","max-image-preview":"max-image-preview:large","max-video-preview":"max-video-preview:-1"},"canonical":"https:\/\/www.rostrip.tur.ar\/egresados-primarios-villa-carlos-paz\/","og_locale":"es_ES","og_type":"article","og_title":"\u00a1El mejor viaje de Egresados Primarios Villa Carlos Paz!.","og_description":"Itinerario din\u00e1mico a elecci\u00f3n del grupo, con las mejores excursiones, que contemplan y priorizan la seguridad y diversi\u00f3n.","og_url":"https:\/\/www.rostrip.tur.ar\/egresados-primarios-villa-carlos-paz\/","og_site_name":"\u00a1El mejor viaje de Egresados Primarios Villa Carlos Paz!.","article_publisher":"https:\/\/www.facebook.com\/rostripcompaniadeturismo","article_modified_time":"2026-04-29T12:29:41+00:00","og_image":[{"width":2560,"height":1709,"url":"https:\/\/www.rostrip.tur.ar\/egresados-primarios-villa-carlos-paz\/wp-content\/uploads\/2022\/05\/DSC_1013-scaled.jpg","type":"image\/jpeg"}],"twitter_card":"summary_large_image","twitter_misc":{"Tiempo de lectura":"4 minutos"},"schema":{"@context":"https:\/\/schema.org","@graph":[{"@type":"WebPage","@id":"https:\/\/www.rostrip.tur.ar\/egresados-primarios-villa-carlos-paz\/","url":"https:\/\/www.rostrip.tur.ar\/egresados-primarios-villa-carlos-paz\/","name":"\u00a1El mejor viaje de Egresados Primarios Villa Carlos Paz!.","isPartOf":{"@id":"https:\/\/www.rostrip.tur.ar\/egresados-primarios-villa-carlos-paz\/#website"},"primaryImageOfPage":{"@id":"https:\/\/www.rostrip.tur.ar\/egresados-primarios-villa-carlos-paz\/#primaryimage"},"image":{"@id":"https:\/\/www.rostrip.tur.ar\/egresados-primarios-villa-carlos-paz\/#primaryimage"},"thumbnailUrl":"https:\/\/www.rostrip.tur.ar\/egresados-primarios-villa-carlos-paz\/wp-content\/uploads\/2022\/05\/DSC_1013-scaled.jpg","datePublished":"2022-03-14T14:56:43+00:00","dateModified":"2026-04-29T12:29:41+00:00","description":"Itinerario din\u00e1mico a elecci\u00f3n del grupo, con las mejores excursiones, que contemplan y priorizan la seguridad y diversi\u00f3n.","inLanguage":"es","potentialAction":[{"@type":"ReadAction","target":["https:\/\/www.rostrip.tur.ar\/egresados-primarios-villa-carlos-paz\/"]}]},{"@type":"ImageObject","inLanguage":"es","@id":"https:\/\/www.rostrip.tur.ar\/egresados-primarios-villa-carlos-paz\/#primaryimage","url":"https:\/\/www.rostrip.tur.ar\/egresados-primarios-villa-carlos-paz\/wp-content\/uploads\/2022\/05\/DSC_1013-scaled.jpg","contentUrl":"https:\/\/www.rostrip.tur.ar\/egresados-primarios-villa-carlos-paz\/wp-content\/uploads\/2022\/05\/DSC_1013-scaled.jpg","width":2560,"height":1709,"caption":"Egresados Villa Carlos Paz Rostrip"},{"@type":"WebSite","@id":"https:\/\/www.rostrip.tur.ar\/egresados-primarios-villa-carlos-paz\/#website","url":"https:\/\/www.rostrip.tur.ar\/egresados-primarios-villa-carlos-paz\/","name":"\u00a1El mejor viaje de Egresados Primarios Villa Carlos Paz!.","description":"Itinerario din\u00e1mico a elecci\u00f3n del grupo, con las mejores excursiones, que contemplan y priorizan la seguridad y diversi\u00f3n.","publisher":{"@id":"https:\/\/www.rostrip.tur.ar\/egresados-primarios-villa-carlos-paz\/#organization"},"potentialAction":[{"@type":"SearchAction","target":{"@type":"EntryPoint","urlTemplate":"https:\/\/www.rostrip.tur.ar\/egresados-primarios-villa-carlos-paz\/?s={search_term_string}"},"query-input":{"@type":"PropertyValueSpecification","valueRequired":true,"valueName":"search_term_string"}}],"inLanguage":"es"},{"@type":"Organization","@id":"https:\/\/www.rostrip.tur.ar\/egresados-primarios-villa-carlos-paz\/#organization","name":"Rostrip","url":"https:\/\/www.rostrip.tur.ar\/egresados-primarios-villa-carlos-paz\/","logo":{"@type":"ImageObject","inLanguage":"es","@id":"https:\/\/www.rostrip.tur.ar\/egresados-primarios-villa-carlos-paz\/#\/schema\/logo\/image\/","url":"https:\/\/www.rostrip.tur.ar\/egresados-primarios-villa-carlos-paz\/wp-content\/uploads\/2022\/05\/NuevoLogo_Header_v3.png","contentUrl":"https:\/\/www.rostrip.tur.ar\/egresados-primarios-villa-carlos-paz\/wp-content\/uploads\/2022\/05\/NuevoLogo_Header_v3.png","width":250,"height":54,"caption":"Rostrip"},"image":{"@id":"https:\/\/www.rostrip.tur.ar\/egresados-primarios-villa-carlos-paz\/#\/schema\/logo\/image\/"},"sameAs":["https:\/\/www.facebook.com\/rostripcompaniadeturismo","https:\/\/www.instagram.com\/rostrip\/","https:\/\/www.youtube.com\/c\/RostripRosario\/videos"]}]}},"_links":{"self":[{"href":"https:\/\/www.rostrip.tur.ar\/egresados-primarios-villa-carlos-paz\/wp-json\/wp\/v2\/pages\/8","targetHints":{"allow":["GET"]}}],"collection":[{"href":"https:\/\/www.rostrip.tur.ar\/egresados-primarios-villa-carlos-paz\/wp-json\/wp\/v2\/pages"}],"about":[{"href":"https:\/\/www.rostrip.tur.ar\/egresados-primarios-villa-carlos-paz\/wp-json\/wp\/v2\/types\/page"}],"author":[{"embeddable":true,"href":"https:\/\/www.rostrip.tur.ar\/egresados-primarios-villa-carlos-paz\/wp-json\/wp\/v2\/users\/1"}],"replies":[{"embeddable":true,"href":"https:\/\/www.rostrip.tur.ar\/egresados-primarios-villa-carlos-paz\/wp-json\/wp\/v2\/comments?post=8"}],"version-history":[{"count":0,"href":"https:\/\/www.rostrip.tur.ar\/egresados-primarios-villa-carlos-paz\/wp-json\/wp\/v2\/pages\/8\/revisions"}],"wp:featuredmedia":[{"embeddable":true,"href":"https:\/\/www.rostrip.tur.ar\/egresados-primarios-villa-carlos-paz\/wp-json\/wp\/v2\/media\/529"}],"wp:attachment":[{"href":"https:\/\/www.rostrip.tur.ar\/egresados-primarios-villa-carlos-paz\/wp-json\/wp\/v2\/media?parent=8"}],"curies":[{"name":"wp","href":"https:\/\/api.w.org\/{rel}","templated":true}]}}